 2*l - 5*l + 86 = -4*g, l - 2*g = 32. Let o = 5 - l. What is the units digit of -20*(o/5 + 3)?
8
Let f be 56/(-8)*(-4)/14. Suppose 0*w + 118 = 2*w + f*x, 5*x - 240 = -4*w. What is the units digit of w?
5
Suppose -32 = 5*b - 2. What is the units digit of 2 + b/3 - (-1 + -30)?
1
Suppose 0 = -4*k + 12, -5*x + 4*k + 2782 = -3316. What is the units digit of x?
2
Let l be 9/(4/(16/12)). Suppose -5*s = 4*h - 14 - 22, -5*h + l*s = -8. Suppose 3*t = -m + 33, h*m - t = 51 + 16. What is the units digit of m?
8
Suppose 39 = 7*y - 6*y - 4*d, -167 = -4*y + 5*d. Suppose y = -8*u + 9*u. What is the tens digit of u?
4
Let b(o) = -o**3 + 14*o**2 - o + 14. Let f be b(14). What is the units digit of f + -3 + 19 - -4?
0
Suppose -4423 = -2*f - 3*n, -39*n + 41*n + 2229 = f. What is the hundreds digit of f?
2
Suppose -17 + 10 = -y. Let n(i) = i + 8. Let r be n(y). Let p = r + -12. What is the units digit of p?
3
What is the units digit of (-34385)/(-10) - (-13)/(-26)?
8
Let g = -142 - -165. Suppose -16*f + g*f - 854 = 0. What is the hundreds digit of f?
1
Let r(v) = 3*v**2 - v - 1. Let o(l) = l**3 - 11*l**2 - 13*l + 10. Let d be o(12). What is the tens digit of r(d)?
1
Let y = 0 + 6. Let u = y + -10. What is the tens digit of 2/u + 78/4?
1
Suppose 0 = 8*o - 15181 + 1173. What is the units digit of o?
1
Let f(z) = z**3 - 10*z**2 + 9*z. Let m be f(10). Suppose m = n + 2*n. Let q = n - 10. What is the tens digit of q?
2
Let u(o) = 17*o**2 - o + 6. Let w be u(2). Let d = w - -7. What is the units digit of d?
9
Suppose -6*j - 20 = -j. What is the units digit of j/(-22) - (1 + (-2964)/33)?
9
Suppose 0*d - 5*g = -2*d - 180, -g + 473 = -5*d. Let w = -5 - d. Let v = w - 44. What is the tens digit of v?
4
Let x be 7/1 - (0 + 2). Suppose 0 = 3*m - x*y + 2, -2*m - 2 = -m - 2*y. What is the tens digit of ((-80)/m - -2)*-3?
3
Suppose -2*l + 4*l = 0. Let r(y) = l*y - 1 - 1 - 3 - 3*y. What is the tens digit of r(-6)?
1
Suppose -4*f = 2*o - 2*f - 10, 2*f - 16 = -3*o. Let v be ((-20)/(-12))/((-2)/o). What is the tens digit of 19*(-3)/(5/v)?
5
Let r(w) = -w + 12. Let p be r(-20). Suppose -11*a + 351 = p. What is the tens digit of a?
2
Let j be -1 - 0 - 24/(-4). Let p(u) be the first derivative of 2*u**3/3 + 2*u - 1. What is the tens digit of p(j)?
5
Let s(k) = 2*k**2 + 7*k + 7. What is the hundreds digit of s(18)?
7
Suppose 3*v + 4*v = 777. What is the units digit of v?
1
Suppose -4*r + 285 + 8895 = 0. What is the tens digit of r?
9
Let u(s) = s**2 - 2*s - 4. Let z be u(4). Let f be z/(-2) + (1 - 1). Let j(d) = 6*d**2 + d. What is the units digit of j(f)?
2
Suppose -10*c + 1642 = -1688. What is the hundreds digit of c?
3
Suppose -104 = 4*g - 28. Let x = 16 - g. What is the tens digit of x?
3
Suppose -14*r + 116 - 298 = 0. Let o(a) = 14*a**2 - 4*a + 3. Let i be o(2). Let g = i + r. What is the units digit of g?
8
Suppose -5*p = -2*p - 54. Let r be (-1)/2 - 2/(-4). Suppose 3*w + r = p. What is the units digit of w?
6
Suppose -b - 103 = -3*o + 110, 0 = 3*o + b - 213. What is the units digit of o?
1
Let s be (12/20 + 1)*5. Let t be s/(-20) - 6/10. What is the units digit of 11 - t*(-7 - -4)?
8
Suppose -23 = -5*b + 2*c, 1 = -2*b - 4*c + 15. Suppose b*v = -5 - 10. Let z = 19 - v. What is the tens digit of z?
2
What is the thousands digit of (-45305)/(-26)*6/5?
2
Let w(g) = 13*g - 35. Let n = 58 - 47. What is the tens digit of w(n)?
0
Let o be 58/15 - 6/(-270)*6. What is the tens digit of 2/(-3)*o/((-16)/1242)?
0
Let r(j) = j + 18. Let v be r(-15). Suppose -4*d + 119 = 2*w - 47, 5*d = v*w - 227. Let l = w + -53. What is the units digit of l?
6
What is the thousands digit of (438256/(-77))/(-2) + (-10)/(-55)?
2
Suppose -8 = -2*t, -5*i + 3*i + 56 = 5*t. Let n = -3 - -5. Suppose d = -n*d + i. What is the units digit of d?
6
Let b(g) = g - 3. Suppose 0*f - 4*y + 16 = -4*f, 8 = -5*f - y. Let c = f - -8. What is the units digit of b(c)?
3
Let z = 8 - -31. Let n = -23 + z. Let x = n + -2. What is the tens digit of x?
1
Suppose -3*y = y - 252. What is the units digit of 3*(-5)/15 + y?
2
Suppose 0 = -r + 2, 2*l - 5*r - 50 = -2*r. Let w = l - 11. What is the units digit of w?
7
Let l be -223 + (-2 - -1)/(-6 - -7). Let x = 417 + l. What is the tens digit of x?
9
Let f = 134 + -28. Suppose 2*h = -4*n + 230 + f, -n + 651 = 4*h. What is the units digit of h?
2
Let h = 107 - 107. What is the tens digit of 3654/18*(1 + h)?
0
Suppose -s + 5979 = -56*g + 52*g, -3*s + 17898 = g. What is the thousands digit of s?
5
Let a be 2/12 + 99/54. Suppose 2*z = -a*z + 68. What is the units digit of z?
7
Suppose x = 4*b + 20, 3*x - 2*b = 5*x. Suppose 10*y - 24 = x*y. Suppose -y*w = -65 - 71. What is the units digit of w?
4
Suppose -3*h = 18*a - 22*a + 4493, -3*a + 3378 = -5*h. What is the hundreds digit of a?
1
Let u(a) = -a**2 + a - 1. Let k be u(-8). Let b = -29 - k. What is the tens digit of b?
4
Let k = -229 + 4128. What is the tens digit of k?
9
Suppose -5*g + 2*n = -0*n - 2125, -3*n - 1284 = -3*g. What is the hundreds digit of g?
4
Suppose -98 = -4*m + 14. Let q = m + 68. What is the units digit of q?
6
Let i = -26 - -32. Let q be i/15 - (-3717)/45. Suppose -3*j - 233 = -4*z, 0 = 2*z + 5*j - q - 40. What is the units digit of z?
9
Suppose 2*v + y = -12, 3*y = 5*v + 5 + 3. What is the tens digit of (-1 - 3 - 15/v)*-548?
3
Let k = -354 - -977. What is the tens digit of k?
2
Let q(j) be the second derivative of -j**4/12 + j**2 + 5*j. Let v be q(-2). What is the tens digit of (8/10)/(v/(-55))?
2
Suppose 5*j + 3834 = 23699. What is the hundreds digit of j?
9
Suppose 2*v - 14 = 2*h - 0, 3*h + 9 = -3*v. Suppose 0 = -4*u - v*p - 342, 2*u = -2*u + p - 339. Let q = -60 - u. What is the units digit of q?
5
Let k(z) = -z**2 + 2*z + 17. Let r be k(5). Suppose -2*t + 144 = -0*t - 5*a, r*a - 264 = -4*t. What is the units digit of t?
7
Let n(d) = -d + 3. Let q be n(13). Let i = q + 12. Suppose 0 = -5*y + 3*u + 40, -3*y + 0*y + i*u = -24. What is the units digit of y?
8
Let u = -84 + 71. Let w(k) = -8*k + 12. What is the units digit of w(u)?
6
Let r(f) = 9*f - 7. Let g be r(2). Suppose -g*s + 110 = -10*s. What is the hundreds digit of s?
1
Let h be (-724)/(-24) + 4/(-24). Suppose 9*s = 6*s + h. What is the tens digit of s?
1
Suppose 4*f - 3*r - 3460 = 0, 3*f - 4*r + 879 = 3474. What is the units digit of f?
5
Let y = 560 - 430. What is the tens digit of y?
3
Let k(y) = 2*y**2 + 6*y - 1. Let w be k(-7). Let h = -163 + w. Let r = -48 - h. What is the tens digit of r?
6
Suppose 3 = -p - t, 13 = -3*p - 2*p - 4*t. Let i be p/(-3)*(-45)/5. Let x = i - -15. What is the units digit of x?
2
Suppose -20*p + 6360 = -15360. What is the thousands digit of p?
1
Let p = -3 + 5. Suppose -2*k + 32 = -5*j, -3*k - p*j + 60 = 12. Let x = k + 12. What is the units digit of x?
8
Let v(o) = 46*o - 17. What is the tens digit of v(11)?
8
Let m(v) = -v + 11. Let d be m(9). Suppose 2*w - 4 = -d*w. What is the tens digit of (w - -81)/(3 + -1)?
4
Let p(j) = 68*j - 19. Let a be p(3). Suppose 4*f - 9*f + 4*o = -a, -f - 3*o + 18 = 0. What is the tens digit of f?
3
Let d(i) = -6*i + 4. Let w be d(5). Let s = 15 + w. Let h(u) = u + 15. What is the units digit of h(s)?
4
Let z(y) = 39*y + 901. What is the tens digit of z(50)?
5
Let j(m) = 3*m**2 - 4*m + 2. Let n(s) = s**2 - 3*s + 4. Let p be n(3). What is the tens digit of j(p)?
3
What is the tens digit of ((-17815)/42*-3)/(3/6)?
4
Let n = 29 - -11. Suppose n = -2*s - 12. Let u = s + 50. What is the units digit of u?
4
Let a be (52/(-16) - -5)*(-1 - 3). Let d(u) = -u**3 - 5*u**2 + 8*u - 16. What is the tens digit of d(a)?
2
Let v be 56/(-26) + (-8)/(-52). Let h be (-1)/(v - (-3)/2). Suppose -q + h*q - 34 = 0. What is the units digit of q?
4
Let u = -252 + 452. Suppose 0 = -0*a - 4*a - u. What is the tens digit of -2*(-1)/(-4)*a?
2
Let w = -18 - -21. What is the units digit of (-3)/(w/(-2)) - (-58 - 3)?
3
Let k(q) = 30*q + 387. What is the tens digit of k(0)?
8
Suppose 5*u = 5, 10532 = -13*f + 18*f + 2*u. What is the thousands digit of f?
2
What is the tens digit of 4924/30 - ((-986)/255 - -4)?
6
Suppose 2*z = -4*f + 8, f - 3*z + 4*z = 2. Let o be (6 - f)/(8/(-12)). What is the units digit of -1*9*o/2?
7
Let v be (51/15 + -3)*20. What is the tens digit of 965/9 + v/(-36) - -3?
1
Let x = 15 + -10. Suppose -o = 2*s 